{"id":99,"date":"2015-09-14T11:38:15","date_gmt":"2015-09-14T09:38:15","guid":{"rendered":"http:\/\/www.colditz-kosmetik.de\/wp\/?page_id=99"},"modified":"2015-10-05T17:20:36","modified_gmt":"2015-10-05T15:20:36","slug":"kakao-modellage","status":"publish","type":"page","link":"http:\/\/www.colditz-kosmetik.de\/?page_id=99","title":{"rendered":"Wellness in Verbindung mit Gesichtsbehandlungen"},"content":{"rendered":"<p>&nbsp;<\/p>\n<p><strong>Die folgenden Behandlungen k\u00f6nnen mit allen<\/strong><br \/>\n<strong> Gesichtsbehandlungen kombiniert werden.<\/strong><\/p>\n<hr \/>\n<p><strong>Kakao \u00a0&#8211; oder Algenmodellage<\/strong><\/p>\n<ul>\n<li>ist reich an Calcium, Vitaminen und Eisen<\/li>\n<li>wichtig f\u00fcr die kollagenen Fasern<\/li>\n<li>feuchtigkeitsspendend, gl\u00e4ttend und straffend,<br \/>\ndie Haut wird frischer, samtiger und besser durchblutet<\/li>\n<li>allgemein wirkt sie ges\u00fcnder und attraktiver<\/li>\n<\/ul>\n<hr \/>\n<p><strong>Anti-Age Augenpads<\/strong><\/p>\n<p>Die revitalisierende Cellulose Eye-Maske unterst\u00fctzt<br \/>\ndie Milderung feiner F\u00e4ltchen und l\u00e4sst Schwellungen<br \/>\nim unteren Augenbereich abklingen.<br \/>\nDie Pads sorgen f\u00fcr eine intensive Durchfeuchtung,<br \/>\nstraffen die Haut und erh\u00f6hen ihre Elastizit\u00e4t.<\/p>\n<hr \/>\n<p><strong>Wellnessbehandlung f\u00fcr den R\u00fccken<\/strong><\/p>\n<p>Prickelndes Meersalz-\u00d6l-Peeling,<br \/>\nBelebendes und durchblutungsf\u00f6rderndes Salz sowie<br \/>\nwertvolle \u00d6le pflegen Ihre Haut samtweich.<\/p>\n<p>&nbsp;<\/p>\n<p>&nbsp;<\/p>\n<p>&nbsp;<\/p>\n<p>&nbsp;<\/p>\n<hr \/>\n","protected":false},"excerpt":{"rendered":"<p>&nbsp; Die folgenden Behandlungen k\u00f6nnen mit allen Gesichtsbehandlungen kombiniert werden. Kakao \u00a0&#8211; oder Algenmodellage ist reich an Calcium, Vitaminen und Eisen wichtig f\u00fcr die kollagenen Fasern feuchtigkeitsspendend, gl\u00e4ttend und straffend, die Haut wird frischer, samtiger und besser durchblutet allgemein wirkt sie ges\u00fcnder und attraktiver Anti-Age Augenpads Die revitalisierende Cellulose Eye-Maske unterst\u00fctzt die Milderung feiner F\u00e4ltchen [&hellip;]<\/p>\n","protected":false},"author":1,"featured_media":0,"parent":2,"menu_order":6,"comment_status":"closed","ping_status":"closed","template":"","meta":{"footnotes":""},"class_list":["post-99","page","type-page","status-publish","hentry"],"_links":{"self":[{"href":"http:\/\/www.colditz-kosmetik.de\/index.php?rest_route=\/wp\/v2\/pages\/99","targetHints":{"allow":["GET"]}}],"collection":[{"href":"http:\/\/www.colditz-kosmetik.de\/index.php?rest_route=\/wp\/v2\/pages"}],"about":[{"href":"http:\/\/www.colditz-kosmetik.de\/index.php?rest_route=\/wp\/v2\/types\/page"}],"author":[{"embeddable":true,"href":"http:\/\/www.colditz-kosmetik.de\/index.php?rest_route=\/wp\/v2\/users\/1"}],"replies":[{"embeddable":true,"href":"http:\/\/www.colditz-kosmetik.de\/index.php?rest_route=%2Fwp%2Fv2%2Fcomments&post=99"}],"version-history":[{"count":12,"href":"http:\/\/www.colditz-kosmetik.de\/index.php?rest_route=\/wp\/v2\/pages\/99\/revisions"}],"predecessor-version":[{"id":351,"href":"http:\/\/www.colditz-kosmetik.de\/index.php?rest_route=\/wp\/v2\/pages\/99\/revisions\/351"}],"up":[{"embeddable":true,"href":"http:\/\/www.colditz-kosmetik.de\/index.php?rest_route=\/wp\/v2\/pages\/2"}],"wp:attachment":[{"href":"http:\/\/www.colditz-kosmetik.de\/index.php?rest_route=%2Fwp%2Fv2%2Fmedia&parent=99"}],"curies":[{"name":"wp","href":"https:\/\/api.w.org\/{rel}","templated":true}]}}