{"id":111,"date":"2015-09-14T11:44:15","date_gmt":"2015-09-14T09:44:15","guid":{"rendered":"http:\/\/www.colditz-kosmetik.de\/wp\/?page_id=111"},"modified":"2017-07-29T20:10:43","modified_gmt":"2017-07-29T18:10:43","slug":"manikuere-pedikuere-nagelmodellage","status":"publish","type":"page","link":"http:\/\/www.colditz-kosmetik.de\/?page_id=111","title":{"rendered":"Pedik\u00fcre"},"content":{"rendered":"<p><strong>Sch\u00f6ne F\u00fc\u00dfe<\/strong><\/p>\n<hr \/>\n<ul>\n<li>Pedik\u00fcre mit French oder Lack<\/li>\n<li>Pedik\u00fcre mit kurzer Fu\u00dfmassage<\/li>\n<li>Wohltuende Fu\u00dfmassage<\/li>\n<\/ul>\n<p>&nbsp;<\/p>\n<p><strong>Pedik\u00fcre biete ich auch als Hausbesuch an<\/strong><\/p>\n<p>&nbsp;<\/p>\n","protected":false},"excerpt":{"rendered":"<p>Sch\u00f6ne F\u00fc\u00dfe Pedik\u00fcre mit French oder Lack Pedik\u00fcre mit kurzer Fu\u00dfmassage Wohltuende Fu\u00dfmassage &nbsp; Pedik\u00fcre biete ich auch als Hausbesuch an &nbsp;<\/p>\n","protected":false},"author":1,"featured_media":0,"parent":2,"menu_order":12,"comment_status":"closed","ping_status":"closed","template":"","meta":{"footnotes":""},"class_list":["post-111","page","type-page","status-publish","hentry"],"_links":{"self":[{"href":"http:\/\/www.colditz-kosmetik.de\/index.php?rest_route=\/wp\/v2\/pages\/111","targetHints":{"allow":["GET"]}}],"collection":[{"href":"http:\/\/www.colditz-kosmetik.de\/index.php?rest_route=\/wp\/v2\/pages"}],"about":[{"href":"http:\/\/www.colditz-kosmetik.de\/index.php?rest_route=\/wp\/v2\/types\/page"}],"author":[{"embeddable":true,"href":"http:\/\/www.colditz-kosmetik.de\/index.php?rest_route=\/wp\/v2\/users\/1"}],"replies":[{"embeddable":true,"href":"http:\/\/www.colditz-kosmetik.de\/index.php?rest_route=%2Fwp%2Fv2%2Fcomments&post=111"}],"version-history":[{"count":7,"href":"http:\/\/www.colditz-kosmetik.de\/index.php?rest_route=\/wp\/v2\/pages\/111\/revisions"}],"predecessor-version":[{"id":412,"href":"http:\/\/www.colditz-kosmetik.de\/index.php?rest_route=\/wp\/v2\/pages\/111\/revisions\/412"}],"up":[{"embeddable":true,"href":"http:\/\/www.colditz-kosmetik.de\/index.php?rest_route=\/wp\/v2\/pages\/2"}],"wp:attachment":[{"href":"http:\/\/www.colditz-kosmetik.de\/index.php?rest_route=%2Fwp%2Fv2%2Fmedia&parent=111"}],"curies":[{"name":"wp","href":"https:\/\/api.w.org\/{rel}","templated":true}]}}

Pediküre

<p><strong>Schöne Füße</strong></p>
<hr />
<ul>
<li>Pediküre mit French oder Lack</li>
<li>Pediküre mit kurzer Fußmassage</li>
<li>Wohltuende Fußmassage</li>
</ul>
<p>&nbsp;</p>
<p><strong>Pediküre biete ich auch als Hausbesuch an</strong></p>
<p>&nbsp;</p>

<p>Schöne Füße Pediküre mit French oder Lack Pediküre mit kurzer Fußmassage Wohltuende Fußmassage &nbsp; Pediküre biete ich auch als Hausbesuch an &nbsp;</p>
