{"id":109,"date":"2015-09-14T11:42:53","date_gmt":"2015-09-14T09:42:53","guid":{"rendered":"http:\/\/www.colditz-kosmetik.de\/wp\/?page_id=109"},"modified":"2017-07-29T20:10:17","modified_gmt":"2017-07-29T18:10:17","slug":"dekorative-kosmetik-fuer-jeden-anlass","status":"publish","type":"page","link":"http:\/\/www.colditz-kosmetik.de\/?page_id=109","title":{"rendered":"Manik\u00fcre"},"content":{"rendered":"<p><strong>Sch\u00f6ne N\u00e4gel<\/strong><\/p>\n<ul>\n<li>Manik\u00fcre mit Lack<\/li>\n<li>Entspannende Handmassage<\/li>\n<\/ul>\n","protected":false},"excerpt":{"rendered":"<p>Sch\u00f6ne N\u00e4gel Manik\u00fcre mit Lack Entspannende Handmassage<\/p>\n","protected":false},"author":1,"featured_media":0,"parent":2,"menu_order":11,"comment_status":"closed","ping_status":"closed","template":"","meta":{"footnotes":""},"class_list":["post-109","page","type-page","status-publish","hentry"],"_links":{"self":[{"href":"http:\/\/www.colditz-kosmetik.de\/index.php?rest_route=\/wp\/v2\/pages\/109","targetHints":{"allow":["GET"]}}],"collection":[{"href":"http:\/\/www.colditz-kosmetik.de\/index.php?rest_route=\/wp\/v2\/pages"}],"about":[{"href":"http:\/\/www.colditz-kosmetik.de\/index.php?rest_route=\/wp\/v2\/types\/page"}],"author":[{"embeddable":true,"href":"http:\/\/www.colditz-kosmetik.de\/index.php?rest_route=\/wp\/v2\/users\/1"}],"replies":[{"embeddable":true,"href":"http:\/\/www.colditz-kosmetik.de\/index.php?rest_route=%2Fwp%2Fv2%2Fcomments&post=109"}],"version-history":[{"count":6,"href":"http:\/\/www.colditz-kosmetik.de\/index.php?rest_route=\/wp\/v2\/pages\/109\/revisions"}],"predecessor-version":[{"id":411,"href":"http:\/\/www.colditz-kosmetik.de\/index.php?rest_route=\/wp\/v2\/pages\/109\/revisions\/411"}],"up":[{"embeddable":true,"href":"http:\/\/www.colditz-kosmetik.de\/index.php?rest_route=\/wp\/v2\/pages\/2"}],"wp:attachment":[{"href":"http:\/\/www.colditz-kosmetik.de\/index.php?rest_route=%2Fwp%2Fv2%2Fmedia&parent=109"}],"curies":[{"name":"wp","href":"https:\/\/api.w.org\/{rel}","templated":true}]}}